s the units digit of h?
0
Suppose -2*x - t - 2*t = 0, 5*t + 16 = 2*x. Suppose 0 = -x*i - 329 + 1088. What is the units digit of i?
3
Let y = -23 - -25. What is the tens digit of (-56)/(-1) - (-6 + y)?
6
Let p(o) = o + 5. Let t be p(-2). Suppose -2*w = t*v - 78, 0 = -4*v - 3*w + 107 - 3. What is the units digit of v?
6
Let i(s) = 8*s**2 - 96*s + 23. What is the units digit of i(-13)?
3
Let c = 19 + -21. Let k = -1 - c. Let h = k + 27. What is the units digit of h?
8
Suppose 27 = 10*r - 7*r. Suppose g - 6*g + 3*m + 30 = 0, -4*m - 11 = 3*g. Let z = r - g. What is the units digit of z?
6
Let o = 31 + -1. Suppose 3*y + w - 66 = 0, 2*y - 4*w - o = -0*y. What is the tens digit of y?
2
Let u(g) = 4*g**2 + 3*g - 86. What is the hundreds digit of u(26)?
6
Let v(f) = 3*f. Suppose 12 = 4*i - 8. Let m be v(i). Let w = m - 1. What is the tens digit of w?
1
Suppose 3*c + 0*t - 10 = 4*t, -2*t - 4 = -2*c. Let v(u) = -6*u - 5. What is the units digit of v(c)?
7
Let v(a) = 10*a**3 + 21*a**2 - 8*a - 4. Let d(l) = -3*l**3 - 7*l**2 + 3*l + 1. Let k(h) = 7*d(h) + 2*v(h). What is the tens digit of k(-8)?
2
Suppose 2*d - 4 = -2*d. Suppose 27*m - 118 = 23*m - 3*b, -3*b + 6 = 0. Let p = m + d. What is the tens digit of p?
2
Let o(t) = -11*t**3 + 6*t**2 + 19*t + 30. What is the tens digit of o(-7)?
6
Suppose 0 = h - 9 + 3. Let j be (h/(-4))/((-27)/72). Suppose -6 = 2*n, j*d - 71 = -2*n + 7*n. What is the tens digit of d?
1
Let x = 12 + -17. Let i(b) = 7*b**2 - b - 8. Let r(k) = 6*k**2 - k - 6. Let o(q) = -5*i(q) + 6*r(q). What is the tens digit of o(x)?
3
Let a(p) = 14*p**3 - p**2 + p - 1. Let n = -28 - -48. Let h be n/(-5) - (-2 - 3). What is the units digit of a(h)?
3
Suppose 0 = 3*p - 0*p. Suppose -b + 3*o = -48, 0 = 2*b - 4*o - p*o - 86. Suppose -4*h + b = -3*h. What is the tens digit of h?
3
Suppose -u = 2*u + 12, -2*u = -3*f + 17. Suppose 4*v - 79 = -c, -f*v = -4*c - 2*v + 401. What is the units digit of (-48)/(-22) + (-18)/c?
2
Suppose 0 = 3*p - 6*p + 171. What is the units digit of p/2*32/12?
6
Suppose -4*q = 3*u - 6*u + 2205, 0 = -4*u - q + 2959. What is the hundreds digit of u?
7
Suppose -9*r + 20 = -7. Let s = 13 + r. What is the tens digit of s?
1
What is the units digit of (-6)/(-39) + (-15221)/(-13)?
1
Suppose -133 - 78 = -d. What is the hundreds digit of d?
2
Let a(q) = 4*q**2 + q - 1. Let s be a(2). Suppose s*h - 18*h + 97 = 0. What is the tens digit of h?
9
Let h be ((-42)/9)/((-1)/9). Let i = 74 - h. What is the units digit of i?
2
Suppose 69*c = -67111 + 348769. What is the units digit of c?
2
Suppose 2*g + 3*s - 6 = 0, -s - 7 - 2 = -3*g. Suppose -k - g*k = -2*l - 14, -2*l = -k + 8. What is the units digit of k?
2
Let w = 62 - 66. What is the units digit of (-1940)/30*3*2/w?
7
Let b(r) = -r**3 + 5*r**2 - r + 9. Let d be b(5). Suppose 20*j - d*j = 3760. What is the hundreds digit of j?
2
Let u(a) = 8*a**3 - 20*a**2 + 19*a - 43. What is the units digit of u(8)?
5
Suppose 7*f + 157 = 514. What is the tens digit of f?
5
Let p be (-1)/(3/(-12) + 38/184). Let i(z) = 12*z**2 - 2*z - 1. Let d be i(-2). Let q = d - p. What is the units digit of q?
8
Suppose 0 = -19*v + 4611 - 1305. What is the units digit of v?
4
Let l = 5 + 28. What is the units digit of l/((-4)/16*-4)?
3
What is the hundreds digit of (-4)/(-13) - (-84696)/39?
1
Let p = -51 - -165. Let b = -116 + 63. Let r = p + b. What is the units digit of r?
1
Suppose -3*o + 3*x = -6, 2 = 5*x - 8. Suppose o*b - 34 = 2*b. What is the units digit of (-2)/b - 1230/(-51)?
4
Suppose -2*p - 4*t = 18, -4*p + t - 6 = 39. Let f(w) = -6*w - 17. What is the units digit of f(p)?
9
Suppose u + 0 = 2. Suppose a = u + 1. Suppose -q + 19 = a*f, -4*f + q + q = -32. What is the units digit of f?
7
Let r(j) = 2*j**3 - 4*j**2 - 8*j - 18. Let m(w) = -5*w**3 + 12*w**2 + 26*w + 53. Let d(q) = -3*m(q) - 8*r(q). What is the tens digit of d(-7)?
3
Let c = -308 + 315. What is the units digit of c?
7
Suppose 4*u - 15 = u. Let i = 5 - u. What is the tens digit of (-4)/(-4) + i - -27?
2
Suppose 0 = -3*c + 2*l + 511 + 489, c = -l + 325. Let v = c + -216. What is the tens digit of v?
1
Let t(k) = -k**3 + 3*k**2 - 4*k + 2. Let c be t(2). Let r be 31*(6/c + 4). Suppose 0*p + r = p. What is the tens digit of p?
3
Let r be ((-21)/(-5) + -3)/((-6)/20). What is the hundreds digit of 281 - (-7 + 5 - r)?
2
Suppose 7*g = -25226 + 2266. What is the hundreds digit of (-2)/(-6) + (g/12)/(-2)?
1
Suppose -3*o + 4*k + 300 = -o, -2*k + 130 = o. What is the units digit of 3*(6/(-9) - o/(-15))?
6
Let m(l) = l**2 - 4*l + 6. Let y be m(3). Let f(s) = 2*s - 5. Let j be f(6). Suppose y*h + 192 = j*h. What is the units digit of h?
8
Suppose 8 = 5*x - 12. Suppose -5*c + 453 = -4*s + s, 0 = 2*c + x*s - 176. Suppose c = 5*y - 30. What is the units digit of y?
4
Let a = -10 + 11. Suppose -3*o + 5*z + 20 = 0, o = -z - a - 3. Suppose o = c + 4 - 12. What is the units digit of c?
8
Let h be -1 - (-1)/((-2)/66). Let f be h/(-51) - 10/(-3). Suppose -f*i = 5*u - 109, -4*i + 0*u - 2*u + 94 = 0. What is the units digit of i?
1
What is the hundreds digit of ((-36)/(-15))/(10/1675)?
4
Suppose 5*v + a = 76, -2*v - 4*a + 79 = 3*v. Let t = 20 - v. Suppose -t*m - 5*f + 0*f + 240 = 0, -2*f = 3*m - 144. What is the units digit of m?
8
Suppose 0 = 5*v + 11 - 31. What is the units digit of 178/14 - v/(-14)?
3
Let j = 74 - -395. What is the hundreds digit of j?
4
Let g(p) = -3*p - 9. Let h be g(-6). What is the units digit of (-3)/(h/(-15)) + 269?
4
Let v(i) = 15*i + 4. Let o be v(2). Suppose -2*j - 2*q = -150 + o, -5*j + 269 = -2*q. What is the tens digit of j?
5
Suppose 6*m - m + 75 = 0. What is the tens digit of m/9 - (-3036)/18?
6
Suppose 0 = -3*b - 2*b - q + 552, 436 = 4*b - 2*q. What is the tens digit of 4/8*-2 + b?
0
Let i(f) be the second derivative of -f**5/20 + 7*f**4/12 - 5*f**3/6 - 3*f**2 + 3*f. Let c be i(6). Suppose -3*t = -c*t - 105. What is the tens digit of t?
3
Suppose 4*w = -5*a + 2988, 8*w = 4*w + 5*a + 2988. What is the units digit of w?
7
Suppose 0 = -4*p - 4*v - 560, 2*p + 5*v = 4*p + 294. What is the tens digit of p/(-2 + 2 + -1 - 1)?
7
Let y be (-1)/(1/(-4)*2). Suppose -j = -y*j - 21. What is the units digit of (j/(-12))/(1/4)?
7
Suppose -4*n = 2*t + 26, -4*n + 0*t = 5*t + 29. Let i = n + 10. Suppose i*m - 5 = 91. What is the units digit of m?
4
Let w = -49 + 49. What is the units digit of (-6)/(-12)*(w - -6)?
3
Let t = -22 + 19. Let z be 1/((t/9)/(-1)). Suppose -5*g + n = z*n - 191, 0 = -4*g + 4*n + 136. What is the tens digit of g?
3
Let l = 88 + -103. What is the tens digit of 222/l*15/(-2)?
1
Let j(g) = -g**2 + 6. Let z be j(0). Let i = 10 + z. Suppose 5*c + i = -b - 3*b, b + 7 = -2*c. What is the units digit of b?
1
Let l = -297 - -384. What is the tens digit of l?
8
Suppose -2*y + 5*y - 9 = 0. Suppose -j + 4 = -y*j. What is the units digit of ((-8)/j)/(3 - 2)?
4
Let n be 5*((-336)/(-20))/3. Suppose 13*q = 14*q - n. What is the units digit of q?
8
Let i = 106 - 31. Suppose 3*k - 51 = i. What is the tens digit of k?
4
Suppose 5*t + 6 = 6*t. Suppose 7*r - r = t. What is the units digit of r?
1
Let g = 1007 - -118. What is the hundreds digit of g?
1
Suppose 0*w = 3*x + 3*w - 21, -11 = x - 5*w. Let a = -2 + x. Suppose 0*c + 3*m + 130 = 4*c, -5*m = a*c - 78. What is the tens digit of c?
3
Let y be (-126)/(-24) - (-1)/(-4). Suppose 3*s = y*o - 5, s = -o + 3 + 6. Suppose d - o*d + 69 = 0. What is the tens digit of d?
2
Let d(t) = -t. Let g(q) = -q**2 - 7*q + 7. Let j(h) = -4*d(h) + g(h). Let p be (-1)/(-2)*(-18)/3. What is the units digit of j(p)?
7
Suppose 0 = 2*g - 4*j + 7*j - 243, -5*j - 545 = -5*g. Suppose -z + g - 41 = 0. What is the units digit of z?
3
Let z be (-1)/(-3) + 40/6. Let p(a) = 12*a + 14. Let q be p(z). Let r = q + -62. What is the units digit of r?
6
Let l(u) = -u**3 + u**2 - 4*u + 6. What is the tens digit of l(-7)?
2
Suppose 2*x = 3*z - 29, 3*z + 5 + 8 = -4*x. Let g(o) = -33*o - 40. What is the tens digit of g(x)?
9
Let q(p) = -6*p + 6 + 10 + 0*p**3 + 6*p**2 - 6 + p**3. Let w be q(-7). Suppose w*k = 7*k - 64. What is the units digit of k?
6
Let i(r) = r**3 - 9*r**2 + 4. Let s be i(6). Let g = s + 176. What is the units digit of g?
2
Suppose 4*g - 1 = m, 0 = 3*g - 0*g - 4*m - 4. Suppose -181 = -3*i - v + 3*v, g = -4*i - 2*v + 232. Let t